st the prime factors of h.
5, 17
Let i(s) = 2*s**2 - 2*s - 5. Suppose 0 = p + 2*t - 14, 2*t - 4 = 6. Suppose 0 = -p*f + 5*x + 11, 0*x - 17 = -3*f - 5*x. What are the prime factors of i(f)?
19
Suppose 0 = 5*c + 4*n - 631, -2*c - 3*n = -5*n - 256. Suppose 3*x + c = 2*f, -x + 219 = 2*f + 2*f. Let l = 115 - f. What are the prime factors of l?
59
What are the prime factors of 912 + (2 - -1) + (-3 - 1)?
911
Let a(u) = 30*u**2 + 5*u + 5. Let j be a(-4). Suppose -2*t + 4*o - j - 285 = 0, 5*o = -t - 410. List the prime factors of 2/8 + t/(-44).
3
Suppose -2*i = -3*k + 4*k - 12, 4*k = 3*i - 7. Let m be (-2 + -2 + 9)*i. Let l = m + -6. What are the prime factors of l?
19
Suppose -4*n + 2*v - 32 = -v, n + 3*v = 7. Let l = n - 34. What are the prime factors of (1 + -3)/(3/l)?
2, 13
List the prime factors of 338745/880 + 1/16.
5, 7, 11
Let r(q) = q**2 - 14*q - 63. List the prime factors of r(24).
3, 59
Let g = 1288 + -463. List the prime factors of g.
3, 5, 11
Let d be 2/(-4) - (-22)/4. Suppose 440 = -d*p + 9*p. Suppose -2*m = -p + 6. List the prime factors of m.
2, 13
Let q = -104 - -550. What are the prime factors of q?
2, 223
Let g(w) = 2*w**2 - 4*w + 2. Let n be g(2). Let f(o) = o**2 + o + 141. Let p be f(0). Suppose 147 = 3*h - n*l, -l = 3*h - 5*l - p. List the prime factors of h.
3, 17
Let n(h) = -h**3 - 7*h**2 + 7*h - 11. Let y be n(-8). Let z be -1*(1 + 1 + y). What are the prime factors of 2 + (30 + -3 - z)?
2, 7
Let m(j) = 2*j + 106. What are the prime factors of m(8)?
2, 61
Suppose 4*i = -c + 10 + 11, 3*i - c = 7. What are the prime factors of (-1*(-16)/6)/(i/330)?
2, 5, 11
Let d be ((-42)/10)/((-10)/(-50)). Let s = 148 - d. What are the prime factors of s?
13
Suppose 0 = -14*p + 154 - 28. What are the prime factors of p?
3
Let p(d) = d**3 + 3*d**2 - d - 4. Let a be p(-2). Suppose -a*x - 17 = -79. List the prime factors of -2 - (x/1)/(-1).
29
Let x = -292 - -2295. What are the prime factors of x?
2003
Let s(w) = -5*w**2 + 1 + 6*w + 2 + w**3 + 2*w**2. Let n be s(-4). Let k = -70 - n. List the prime factors of k.
3, 7
Let m = 420 - 223. What are the prime factors of m?
197
Suppose 4*g = g + 5*a + 2740, g - 920 = 5*a. What are the prime factors of g?
2, 5, 7, 13
Let s(d) = -d + 1. Let a be s(-1). Let m(i) = -2*i - i**a - 12*i + 1 - 14. What are the prime factors of m(-10)?
3
Let v(k) = 6*k**3 - 31*k**2 + 27*k - 9. List the prime factors of v(11).
4523
Let w(g) = -9*g + 7. Let v be w(-5). Let b = -25 + v. Let c = b - 24. List the prime factors of c.
3
Let a(q) = -2 + 3*q - 5*q**2 + 0 + 3 - q. Let v be a(-1). Let j = 14 + v. What are the prime factors of j?
2
Let f(a) = 7*a**2 - a + 4. Let b be f(3). Let q be 10/2*(-44)/(-55). Suppose -q*j + 2*s + b = 0, 2*j - s = j + 16. List the prime factors of j.
2
Suppose 0 = -3*x + 3*l + 2922 + 5586, 4*x - 11340 = 2*l. What are the prime factors of x?
2, 13, 109
Suppose -3*x - 5*c - 15 = -2*c, -x + 5*c + 25 = 0. Suppose x = -i + 11 + 12. What are the prime factors of i?
23
Let u(v) = -3*v + 2. Let k = -41 + 28. Let y = 3 + k. List the prime factors of u(y).
2
What are the prime factors of ((-348)/(-4))/(4 - 13/4)?
2, 29
Let b be ((-44)/(-12) - 4)/((-1)/39). What are the prime factors of 451/(-22)*(-1 - b)?
7, 41
Let h(y) = 205*y + 22. List the prime factors of h(2).
2, 3
Suppose -52 = n + 251. Let z = -68 - n. List the prime factors of z.
5, 47
Suppose -47*i + 34034 = -33*i. List the prime factors of i.
11, 13, 17
List the prime factors of ((-1040)/(-10))/8*125.
5, 13
Let c(x) = -225*x - 2. Let v be c(-2). Let t = v + -268. Suppose 4*n = -n + t. List the prime factors of n.
2, 3
Suppose -4*m - 4*z + 133 = z, 3*m = -3*z + 96. Let n = m + -13. What are the prime factors of n?
2, 7
Let q be 104/28 + (-6)/(-21). Suppose 2*b - 4*z - 40 = 138, 0 = -q*b - 2*z + 336. What are the prime factors of b?
5, 17
Let x(p) = p**2 + 2*p + 3. Let m(d) be the first derivative of -2*d**3/3 - 2*d**2 + 11. Let f be m(-3). List the prime factors of x(f).
3
Let w(r) = -2*r**3 + 8*r**2 + r - 12. Let o(j) = j**3 - 9*j**2 - 2*j + 13. Let n(a) = -3*o(a) - 2*w(a). List the prime factors of n(-8).
5, 29
Suppose -4*x + 3*s + 3 = 0, s + 3*s - 3 = 3*x. What are the prime factors of 7/(-3)*(-9)/x?
7
Let j = 1103 - 416. List the prime factors of j.
3, 229
Suppose -5*s + 59 - 9 = 0. Let c be 56/(-7)*s/(-1). Let m = c - 47. List the prime factors of m.
3, 11
Suppose 68*j - 98347 = 5421. List the prime factors of j.
2, 7, 109
Suppose 4*l + j = 1398, 3*l - 6*l = -3*j - 1056. What are the prime factors of l?
2, 5, 7
Let h = 1265 + -673. List the prime factors of h.
2, 37
Suppose 28*i - 6*i - 5280 = 0. What are the prime factors of i?
2, 3, 5
Suppose 5*c = -2*m + 5 + 3, 3*m - 7 = -5*c. Let a(g) = -2 - 7*g + g**c + 6 + 4. List the prime factors of a(9).
2, 13
Suppose -j + 7*b + 8 = 5*b, 3*b = 4*j - 57. Suppose -4*f - j = -o + 3, 3*f - 138 = -3*o. List the prime factors of o.
41
Let p(j) = 9*j**2 + 20*j - 297. What are the prime factors of p(17)?
2, 661
Let f(w) = 5*w**2 - 3*w. Let g be f(2). Suppose -3*t = -g + 5. Suppose 15 = 2*v - o + 1, 19 = t*v - 2*o. What are the prime factors of v?
3
Let g = 740 + -166. What are the prime factors of g?
2, 7, 41
What are the prime factors of (2/(-19) - 126096/(-114))/1?
2, 7, 79
Let z = -168 + -113. Let g = -148 - z. What are the prime factors of g?
7, 19
Let c = 23 + -28. List the prime factors of 71 - (-3 + 8 + c).
71
Let r = -40 + 39. What are the prime factors of r/5*-73 + (-6)/(-15)?
3, 5
Let q(j) be the first derivative of j**4/4 - 8*j**3/3 + 4*j + 7. Let a = 3 - -5. List the prime factors of q(a).
2
Let h(t) = 10*t - 156. List the prime factors of h(20).
2, 11
List the prime factors of (18/(-4) + 4)/((-8)/35920).
5, 449
What are the prime factors of (-15)/(-12) + -27*849/(-36)?
2, 11, 29
Let f(b) = -9*b**2 - 4. Let j be f(-3). Let u be j + 1 + -1 + 3. List the prime factors of u/(2*(1 - 2)).
41
Suppose 4*d = -y + 2910, -3*d - y = -0*y - 2183. Suppose -10*z = -533 - d. List the prime factors of z.
2, 3, 7
Suppose -15 = 4*u + 9. Let c be (-4)/u*(-14 - -8). List the prime factors of 474/18 - c/6.
3
Let n = 14 - 20. Suppose 0 = v - 2*p - 7, -5*v + p = -3*p - 59. Let h = n + v. What are the prime factors of h?
3
Let a = 1370 - 788. Suppose a = 26*d - 24*d. List the prime factors of d.
3, 97
Let r(v) = -16*v + 440. List the prime factors of r(6).
2, 43
Let b(l) = -4*l + 11. Suppose 17 = -4*w - d - 31, -5*d - 9 = -w. List the prime factors of b(w).
5, 11
Suppose -2*i + 4*l + 1578 = 0, 0 = 3*i - l - 1061 - 1296. List the prime factors of (i/(-20))/(3/(-12)).
157
Suppose -67*r + 115*r - 170400 = 0. List the prime factors of r.
2, 5, 71
Suppose -v + 5*f = 3*v - 343, 3*v - 4*f = 258. Let p = v - 56. List the prime factors of p.
2, 13
Let u be 2*(1 - (-1)/(-2)). Let b = -2 + u. What are the prime factors of 3 + b - (-5 + -9)?
2
Let m = 336 + 104. What are the prime factors of m?
2, 5, 11
Let x = -229 + 328. List the prime factors of x.
3, 11
Let q = -3 + 6. Let n(z) = -3*z - 2. Let t be n(-2). Suppose 22 = t*x - 5*c, 4*x = 2*x - q*c. What are the prime factors of x?
3
Let q(u) = -6*u + 0*u + 0 - 14. List the prime factors of q(-6).
2, 11
Let i = -51 + 17. Let f be 51/i*4/(-3). Suppose 0 = 4*b - d - 20, f*d - d + 10 = 2*b. List the prime factors of b.
5
Suppose 0 = 5*u - 27 - 88. Let p be u/1 + (3 - 1). Suppose 5*g + 39 = 2*t, g - 6*g - p = 0. What are the prime factors of t?
7
Suppose -3530 = -3*f + u, u = -4*f + 2*u + 4707. What are the prime factors of f?
11, 107
Let t = 8 + 0. Suppose 6 = -t*c + 11*c. Suppose 3*z = -c*m + 50, 0 = -2*z - 3*z + 3*m + 58. What are the prime factors of z?
2, 7
Suppose 13460 = 40*c - 20*c. List the prime factors of c.
673
List the prime factors of (-2)/9 + (-13364)/(-36) + -3.
2, 23
Let s(d) = -d**2 - 8*d + 27. Let p be s(-11). Let y be (3/(-2))/(p/(-8)). Let i = y - -8. List the prime factors of i.
2, 3
Suppose -x = -3*x + 4. Suppose 2*q = 5*h - 317, -2*h - x*q + 65 = -59. What are the prime factors of h?
3, 7
Let o(z) = -2*z - 7. Let p be o(4). What are the prime factors of (-1)/(((-3)/6)/(p/(-2)))?
3, 5
List the prime factors of 2/((-32)/(-4)) - 47250/(-24).
11, 179
Let x(s) = s**2 + 9*s + 6. Let q be x(-8). Let m be q*3/12*0. Suppose 53 = 3*g - 2*h, 3*g + 3*h + m*h - 48 = 0. List 